*r + 238. What is h(-12)?
10
Let n(a) = a**3 + 13*a**2 - 4*a - 44. What is n(0)?
-44
Let d(x) = 38*x - 125. What is d(3)?
-11
Let q(k) = -k**2 + 30*k - 170. What is q(23)?
-9
Let z(q) = -754*q - 5289. Calculate z(-7).
-11
Let j(g) = -26*g - 754. What is j(-28)?
-26
Let y(s) = -33*s + 638. Determine y(18).
44
Let g(j) = 21*j - 651. Calculate g(31).
0
Let w(k) = 4*k**2 - 8*k + 11. What is w(4)?
43
Let n(y) = 3*y**2 - 19*y + 31. Calculate n(4).
3
Let c(n) = -n**3 + 30*n**2 - 66*n - 68. Determine c(27).
337
Let f(y) = -14*y + 605. What is f(33)?
143
Let a(k) = 2239*k - 15667. Determine a(7).
6
Let c(n) = -5946*n - 11903. Calculate c(-2).
-11
Let n(f) = -346*f + 520. What is n(2)?
-172
Let h(j) = j**3 - 24*j**2 - 61*j - 40. What is h(26)?
-274
Let j(c) = -c**3 - 20*c**2 - 53*c - 15. Determine j(-17).
19
Let j(f) = -f**2 - 482*f. Determine j(0).
0
Let q(z) = -21*z - 324. Calculate q(-54).
810
Let h(a) = -79*a - 586. What is h(-10)?
204
Let o(b) = -b**3 + 27*b**2 + 154*b + 188. Give o(32).
-4
Let r(v) = -4*v**2 - 30*v - 20. Determine r(-7).
-6
Let k(c) = c + 31. Determine k(-3).
28
Let p(m) = 3*m + 51. Give p(2).
57
Let o(t) = t**3 - 10*t**2 + 16*t - 21. Calculate o(8).
-21
Let m(d) = -d**3 + 11*d**2 + 36*d - 27. Give m(11).
369
Let z(o) = 3*o**2 + 289*o - 2738. Calculate z(-105).
-8
Let l(c) = -c**3 - 11*c**2 - 9*c + 115. Give l(-9).
34
Let b(m) = -2*m**2 + 43*m + 3326. Calculate b(53).
-13
Let f(h) = 388*h - 2278. What is f(6)?
50
Let p(u) = -u**2 + 18*u - 81. What is p(8)?
-1
Let v(r) = r**2 - 642*r + 5198. What is v(8)?
126
Let i(n) = n**2 - 19*n - 219. Calculate i(28).
33
Let u(x) = 92*x + 281. Calculate u(-3).
5
Let w(p) = -7*p**2 + 5*p + 276. What is w(6)?
54
Let a(k) = -32*k**2 + 10*k - 1. Give a(0).
-1
Let n(t) = -t**3 + 13*t**2 - 29*t - 11. Determine n(6).
67
Let v(x) = 284*x + 10503. Give v(-37).
-5
Let u(f) = -3*f**2 + 5*f + 48516. Calculate u(128).
4
Let v(q) = q**2 - 47*q - 146. Determine v(49).
-48
Let h(s) = -103*s + 8. Calculate h(0).
8
Let k(j) = -3*j**2 + 2*j + 34. Give k(6).
-62
Let m(u) = -433*u**2 - u + 3. Give m(-1).
-429
Let o(s) = -429*s + 10362. Calculate o(24).
66
Let v(u) = -337*u + 5711. Calculate v(17).
-18
Let g(y) = 2*y**2 + 730*y + 37561. What is g(-62)?
-11
Let f(a) = 55*a - 2637. Determine f(48).
3
Let c(r) = -3*r**2 + 39*r + 183. Calculate c(-4).
-21
Let j(l) = -l**3 - 28*l**2 + 31*l - 35. Determine j(-29).
-93
Let j(k) = -k**3 - k**2 - 43*k + 324. Give j(5).
-41
Let a(y) = -2*y**3 - 10*y**2 - 5*y + 47. Calculate a(-9).
740
Let m(l) = -l**2 - 52*l - 672. Calculate m(-27).
3
Let l(k) = -676*k - 52045. Calculate l(-77).
7
Let l(q) = 615*q + 2466. Determine l(-4).
6
Let v(p) = p**3 + 71*p**2 + 667*p + 441. Give v(-60).
21
Let i(t) = -2285*t + 20582. Determine i(9).
17
Let z(i) = i**2 - 51*i - 6. Give z(51).
-6
Let n(f) = -f**3 + 28*f**2 - 134*f - 698. Calculate n(19).
5
Let p(q) = -6*q - 354. Determine p(-24).
-210
Let n(k) = -k**3 - 8*k**2 - 18*k - 105. What is n(-10)?
275
Let b(k) = k**2 + 1655*k + 16446. Give b(-10).
-4
Let k(p) = 3*p**2 + 257*p - 25004. What is k(58)?
-6
Let b(n) = 8*n**2 - 15*n + 69. Calculate b(8).
461
Let c(y) = y**2 + 50*y - 1038. Calculate c(-69).
273
Let y(a) = -406*a + 409. What is y(1)?
3
Let f(w) = 4*w + 271. Calculate f(36).
415
Let p(k) = k**2 - 33*k - 116. What is p(35)?
-46
Let s(q) = -2*q**3 - 24*q**2 - 54*q - 382. Calculate s(-11).
-30
Let l(q) = -353*q - 31767. Determine l(-90).
3
Let h(n) = -2*n**3 - 25*n**2 - 18*n + 170. Give h(-11).
5
Let b(r) = r**3 - 62*r**2 + 118*r + 110. Determine b(60).
-10
Let t(g) = 1423*g + 7105. Calculate t(-5).
-10
Let w(m) = -69*m**3 + 347*m**2 - 7*m - 15. Determine w(5).
0
Let q(v) = 178*v - 548. Give q(9).
1054
Let m(t) = -3*t**2 + 178*t + 1543. Give m(67).
2
Let c(x) = -x**2 - 101*x - 1430. Determine c(-84).
-2
Let a(r) = 62*r + 1713. What is a(-27)?
39
Let c(s) = -s**3 - 61*s**2 - 134*s - 4392. What is c(-60)?
48
Let o(u) = -1319*u - 7935. Give o(-6).
-21
Let k(y) = -3*y**2 - 84*y + 380. Determine k(-32).
-4
Let l(z) = 65*z**2 + 1503*z + 182. Give l(-23).
-2
Let g(k) = -94*k + 189. Calculate g(2).
1
Let m(j) = 12*j**3 + 73*j**2 + 2*j - 30. What is m(-6)?
-6
Let c(o) = 167*o + 837. Give c(-6).
-165
Let p(z) = 67*z - 15. Determine p(-3).
-216
Let b(n) = -n**2 - 25*n - 132. Determine b(-19).
-18
Let s(d) = 2*d + 219. Calculate s(-23).
173
Let d(s) = -2*s**2 + 142*s - 1325. Give d(60).
-5
Let a(f) = 5*f + 115. Calculate a(-17).
30
Let w(o) = 3*o**3 + 320*o**2 - 112*o - 530. Calculate w(-107).
5
Let a(h) = -51*h - 1722. Determine a(-31).
-141
Let h(t) = -169*t - 598. Give h(-5).
247
Let m(i) = 2*i**2 - 139*i + 1277. Calculate m(11).
-10
Let c(o) = -o**3 + 57*o**2 - 105*o - 245. What is c(55)?
30
Let g(u) = 8*u**3 + 218*u**2 + 50*u - 86. Calculate g(-27).
22
Let h(g) = -357*g - 756. What is h(-2)?
-42
Let o(u) = u**3 + 8*u**2 - 58*u + 6. What is o(-12)?
126
Let a(i) = 145*i**2 + i + 2. Calculate a(-1).
146
Let x(w) = 35*w - 279. Determine x(7).
-34
Let p(b) = -b**2 - 1045*b + 7321. Give p(7).
-43
Let m(u) = -9*u + 74. Determine m(21).
-115
Let i(s) = -62*s + 598. Determine i(9).
40
Let h(c) = c**3 - 22*c**2 + 96*c - 3. Give h(6).
-3
Let i(c) = -c**3 + 7*c**2 + 11*c + 94. Calculate i(9).
31
Let z(s) = -273*s + 3283. Determine z(12).
7
Let i(r) = -r**3 - 9*r**2 - 13*r - 6. What is i(-6)?
-36
Let r(v) = -224*v - 665. Determine r(-3).
7
Let m(r) = 16*r - 77. Calculate m(-11).
-253
Let u(z) = -798*z - 3197. What is u(-4)?
-5
Let v(b) = -3*b**2 - 3*b + 7. Calculate v(2).
-11
Let b(u) = 125*u - 3991. Give b(32).
9
Let m(k) = 12*k + 429. Give m(-47).
-135
Let l(f) = 108*f - 23. Determine l(-1).
-131
Let g(j) = -48*j + 78. What is g(2)?
-18
Let a(i) = 2*i**3 + 3*i**2 - 14*i. What is a(-6)?
-240
Let w(k) = -k**2 + 409*k + 410. Determine w(-1).
0
Let w(c) = -4*c**3 - 39*c**2 - 21*c - 193. Calculate w(-10).
117
Let p(w) = 189*w + 9. Calculate p(1).
198
Let i(c) = c**2 + 53*c + 138. Determine i(-50).
-12
Let y(s) = -65*s - 2018. What is y(-30)?
-68
Let a(o) = 14*o**2 - 279*o - 54. Determine a(20).
-34
Let r(d) = 3*d**3 + d**2 - 11*d - 4. Calculate r(5).
341
Let h(d) = 300*d + 723. Determine h(-2).
123
Let a(p) = 5*p**3 + 328*p**2 - 113*p + 1262. Determine a(-66).
8
Let s(l) = l**3 - 30*l**2 + 142*l + 6. Determine s(6).
-6
Let m(d) = -52*d**3 - 362*d**2 + 16*d + 13. Determine m(-7).
-1
Let u(r) = 4*r**2 + 61*r + 19. What is u(-15)?
4
Let q(b) = 10*b**2 + 141*b - 131. Give q(-15).
4
Let j(t) = 25*t - 1036. Give j(49).
189
Let f(v) = -v**2 + 9*v + 1238. Give f(40).
-2
Let d(m) = -m**3 - 24*m**2 - 137*m - 67. What is d(-8)?
5
Let z(d) = -477*d**2 - 2869*d - 37. Calculate z(-6).
5
Let o(v) = -v**3 + 12*v**2 + 5*v - 13. Determine o(13).
-117
Let x(t) = t**3 + 10*t**2 - 46*t - 156. Determine x(-16).
-956
Let k(a) = -a**3 - 14*a**2 - 9*a + 242. Determine k(-11).
-22
Let z(p) = 3*p**2 + 6*p + 44. Calculate z(-4).
68
Let u(b) = 2*b**3 - 57*b**2 + 400*b - 6. What is u(16)?
-6
Let t(q) = -q**3 - 3*q**2 + 19*q + 2. Give t(-6).
-4
Let j(y) = -y**3 - 49*y**2 - 44*y + 173. What is j(-48)?
-19
Let u(k) = 53*k + 2692. What is u(-51)?
-11
Let f(n) = -2*n**3 - 136*n**2 + 137*n - 91. Determine f(-69).
-22
Let z(v) = -v**3 + 12*v**2 - 19*v + 1. Calculate z(8).
105
Let d(b) = b**3 - 5*b**2 + 11*b + 12. Calculate d(-1).
-5
Let r(x) = -302*x + 3916. Determine r(13).
-10
Let z(j) = 160*j - 60. Give z(0).
-60
Let m(q) = q**3 + 67*q**2 + 77*q + 34. Calculate m(-66).
-692
Let a(n) = n**2 - 43*n + 396. Determine a(28).
-24
Let x(u) = u**3 - 78*u**2 + 168*u - 1187. What is x(76)?
29
Let i(u) = 5*u**3 - 44*u**2 + 3*u - 108. Give i(9).
0
Let i(c) = -130*c - 6834. What is i(-52)?
-74
Let j(c) = 16*c**2 - 3474*c + 418. Give j(217).
-16
Let t(z) = 9*z**3 - 17*z**2 + 40*z - 20. Determine t(3).
190
Let x(t) = -7*t**2 - 104*t - 11. Determine x(-2).
169
Let w(m) = -102*m - 1499. What is w(-15)?
31
Let u(b) = 6*b**3 + 9*b**2 + 10*b + 30. What is u(-3)?
-81
Let h(q) = -q**3 - 19*q**2 - 39*q - 401. What is h(-18)?
-23
Let k(c) = -74*c - 287. Calculate k(-5).
83
Let t(v) = -3*v**2 + 5*v + 32. Give t(5).
-18
Let b(n) = n**3 - 38*n**2 - 42*n + 103. Give b(39).
-14
Let v(f) = -f**3 - 57*f**2 - 205*f + 348. Give v(-53).
-23
Let k(t) = -t**3 - 43*t**2 + 349*t - 48. Determine k(-50).
2
Let d(h) = h**2 + 12*h +